{"id":14524,"date":"2020-10-27T19:38:44","date_gmt":"2020-10-27T19:38:44","guid":{"rendered":"https:\/\/giuliaa.com\/?page_id=14524"},"modified":"2020-10-27T19:40:45","modified_gmt":"2020-10-27T19:40:45","slug":"politica-de-datos","status":"publish","type":"page","link":"https:\/\/giuliaa.com\/?page_id=14524","title":{"rendered":"P\u00f3litica de Datos"},"content":{"rendered":"\t\t<div data-elementor-type=\"wp-page\" data-elementor-id=\"14524\" class=\"elementor elementor-14524\">\n\t\t\t\t\t\t<section class=\"elementor-section elementor-top-section elementor-element elementor-element-90d5c2c dsvy-col-stretched-none dsvy-bg-color-over-image elementor-section-boxed elementor-section-height-default elementor-section-height-default\" data-id=\"90d5c2c\" data-element_type=\"section\" data-e-type=\"section\">\n\t\t\t\t\t\t<div class=\"elementor-container elementor-column-gap-default\">\n\t\t\t\t\t<div class=\"elementor-column elementor-col-100 elementor-top-column elementor-element elementor-element-e12aa34 dsvy-bg-color-over-image\" data-id=\"e12aa34\" data-element_type=\"column\" data-e-type=\"column\">\n\t\t\t<div class=\"elementor-widget-wrap elementor-element-populated\">\n\t\t\t\t\t\t<div class=\"elementor-element elementor-element-d284894 elementor-widget elementor-widget-text-editor\" data-id=\"d284894\" data-element_type=\"widget\" data-e-type=\"widget\" data-widget_type=\"text-editor.default\">\n\t\t\t\t<div class=\"elementor-widget-container\">\n\t\t\t\t\t\t\t\t\t<p>Giuliaa.com est\u00e1 especialmente interesada en la protecci\u00f3n de los datos de los USUARIOS de los servicios a los que se accede a trav\u00e9s de su web. Mediante la presente Pol\u00edtica de Privacidad (en adelante , la Pol\u00edtica) Inter Expo informa a los USUARIOS del sitio web: Giuliaa.com del tratamiento y usos a los que se someten los datos de car\u00e1cter personal que se recaban en la web, con el fin de que decidan, libre y voluntariamente, si desean facilitar la informaci\u00f3n solicitada.<\/p><p>\u00a0<\/p><p>INTER EXPO SA se reserva la facultad de modificar esta Pol\u00edtica con el objeto de adaptarla a novedades legislativas, criterios jurisprudenciales, pr\u00e1cticas del sector, o intereses de la entidad. Cualquier modificaci\u00f3n en la misma ser\u00e1 anunciada con la debida antelaci\u00f3n, a fin de que los usuarios de esta p\u00e1gina web tengan perfecto conocimiento de su contenido.<\/p><p>\u00a0<\/p><p>Ciertos servicios prestados en el portal pueden contener condiciones particulares con previsiones en materia de protecci\u00f3n de Datos Personales. De ellos se informar\u00e1 en forma particular en las correspondientes secciones.<\/p><p>\u00a0<\/p><p>TITULARIDAD DEL TRATAMIENTO<\/p><p>En dichos supuestos, los datos recabados por INTER EXPO SA ser\u00e1n incorporados a las bases de datos titularidad de INTER EXPO SA , debidamente inscritos en la SIC.<\/p><p>\u00a0<\/p><p>USOS Y FINALIDADES<\/p><p>La finalidad de la recogida y tratamiento de los datos personales es la gesti\u00f3n, prestaci\u00f3n y personalizaci\u00f3n de los servicios y contenidos del mismo que el USUARIO utilice y de la cual se informar\u00e1 en cada secci\u00f3n.<\/p><p>\u00a0<\/p><p>COMUNICACI\u00d3N DE LOS DATOS<\/p><p>Los datos recabados a trav\u00e9s de la web s\u00f3lo ser\u00e1n cedidos en aquellos casos en que expresamente se informe de ello al USUARIO y que este autorice. O en casos donde le legislaci\u00f3n as\u00ed lo solicite.<\/p><p>\u00a0<\/p><p>ACTUALIZACI\u00d3N DE LOS DATOS<\/p><p>Con el fin de que los datos existentes en nuestras bases de datos siempre correspondan aquellos actualmente vigentes, usted deber\u00e1 mantenerlos actualizados, ya sea actualiz\u00e1ndolos usted directamente en los caso en que ello sea posible, o bien comunic\u00e1ndolos al departamento correspondiente de nuestra compa\u00f1ia.<\/p><p>\u00a0<\/p><p>UTILIZACI\u00d3N DE COOKIES<\/p><p>Con el objeto de proteger la intimidad de los usuarios de su p\u00e1gina web INTER EXPO SA no emplea directamente cookies cuando los mismos navegan por la misma.<\/p><p>\u00a0<\/p><p>SEGURIDAD DE LOS DATOS<\/p><p>INTER EXPO SA ha adoptado en su sistema de informaci\u00f3n las medidas t\u00e9cnicas y organizativas legalmente requeridas, a fin de garantizar la seguridad y confidencialidad de los datos almacenados, evitando as\u00ed, en la medida de lo posible, su alteraci\u00f3n, p\u00e9rdida, tratamiento o acceso no autorizado.<\/p><p>\u00a0<\/p><p>DERECHOS DE LOS USUARIOS<\/p><p>En todo caso un usuario podr\u00e1 acceder a tus datos, rectificarlos, cancelarlos y en su caso, oponerse a su tratamiento:<\/p><ol><li>a) bien mediante solicitud acompa\u00f1ada de una fotocopia de su documento de identificaci\u00f3n, remitida a la siguiente direcci\u00f3n de correo electr\u00f3nico : Calle 25A 33-97 Bogota, Colombia<\/li><li>b) bien mandando un e-mail a la siguiente direcci\u00f3n de correo electr\u00f3nico: info@giuliaa.com<\/li><\/ol>\t\t\t\t\t\t\t\t<\/div>\n\t\t\t\t<\/div>\n\t\t\t\t\t<\/div>\n\t\t<\/div>\n\t\t\t\t\t<\/div>\n\t\t<\/section>\n\t\t\t\t<\/div>\n\t\t","protected":false},"excerpt":{"rendered":"<p>Giuliaa.com est\u00e1 especialmente interesada en la protecci\u00f3n de los datos de los USUARIOS de los servicios a los que se accede a trav\u00e9s de su web. Mediante la presente Pol\u00edtica de Privacidad (en adelante , la Pol\u00edtica) Inter Expo informa a los USUARIOS del sitio web: Giuliaa.com del tratamiento y usos a los que se [&hellip;]<\/p>\n","protected":false},"author":1,"featured_media":0,"parent":0,"menu_order":0,"comment_status":"closed","ping_status":"closed","template":"","meta":{"_acf_changed":false,"nf_dc_page":"","_monsterinsights_skip_tracking":false,"_monsterinsights_sitenote_active":false,"_monsterinsights_sitenote_note":"","_monsterinsights_sitenote_category":0,"footnotes":""},"class_list":["post-14524","page","type-page","status-publish","hentry"],"acf":[],"yoast_head":"<!-- This site is optimized with the Yoast SEO plugin v27.4 - https:\/\/yoast.com\/product\/yoast-seo-wordpress\/ -->\n<title>P\u00f3litica de Datos - Giuliaa<\/title>\n<meta name=\"robots\" content=\"index, follow, max-snippet:-1, max-image-preview:large, max-video-preview:-1\" \/>\n<link rel=\"canonical\" href=\"https:\/\/giuliaa.com\/?page_id=14524\" \/>\n<meta property=\"og:locale\" content=\"en_US\" \/>\n<meta property=\"og:type\" content=\"article\" \/>\n<meta property=\"og:title\" content=\"P\u00f3litica de Datos - Giuliaa\" \/>\n<meta property=\"og:description\" content=\"Giuliaa.com est\u00e1 especialmente interesada en la protecci\u00f3n de los datos de los USUARIOS de los servicios a los que se accede a trav\u00e9s de su web. Mediante la presente Pol\u00edtica de Privacidad (en adelante , la Pol\u00edtica) Inter Expo informa a los USUARIOS del sitio web: Giuliaa.com del tratamiento y usos a los que se [&hellip;]\" \/>\n<meta property=\"og:url\" content=\"https:\/\/giuliaa.com\/?page_id=14524\" \/>\n<meta property=\"og:site_name\" content=\"Giuliaa\" \/>\n<meta property=\"article:modified_time\" content=\"2020-10-27T19:40:45+00:00\" \/>\n<meta name=\"twitter:card\" content=\"summary_large_image\" \/>\n<meta name=\"twitter:label1\" content=\"Est. reading time\" \/>\n\t<meta name=\"twitter:data1\" content=\"3 minutes\" \/>\n<script type=\"application\/ld+json\" class=\"yoast-schema-graph\">{\"@context\":\"https:\\\/\\\/schema.org\",\"@graph\":[{\"@type\":\"WebPage\",\"@id\":\"https:\\\/\\\/giuliaa.com\\\/?page_id=14524\",\"url\":\"https:\\\/\\\/giuliaa.com\\\/?page_id=14524\",\"name\":\"P\u00f3litica de Datos - Giuliaa\",\"isPartOf\":{\"@id\":\"https:\\\/\\\/giuliaa.com\\\/#website\"},\"datePublished\":\"2020-10-27T19:38:44+00:00\",\"dateModified\":\"2020-10-27T19:40:45+00:00\",\"breadcrumb\":{\"@id\":\"https:\\\/\\\/giuliaa.com\\\/?page_id=14524#breadcrumb\"},\"inLanguage\":\"en-US\",\"potentialAction\":[{\"@type\":\"ReadAction\",\"target\":[\"https:\\\/\\\/giuliaa.com\\\/?page_id=14524\"]}]},{\"@type\":\"BreadcrumbList\",\"@id\":\"https:\\\/\\\/giuliaa.com\\\/?page_id=14524#breadcrumb\",\"itemListElement\":[{\"@type\":\"ListItem\",\"position\":1,\"name\":\"Home\",\"item\":\"https:\\\/\\\/giuliaa.com\\\/\"},{\"@type\":\"ListItem\",\"position\":2,\"name\":\"P\u00f3litica de Datos\"}]},{\"@type\":\"WebSite\",\"@id\":\"https:\\\/\\\/giuliaa.com\\\/#website\",\"url\":\"https:\\\/\\\/giuliaa.com\\\/\",\"name\":\"Giuliaa\",\"description\":\"Solutions\",\"potentialAction\":[{\"@type\":\"SearchAction\",\"target\":{\"@type\":\"EntryPoint\",\"urlTemplate\":\"https:\\\/\\\/giuliaa.com\\\/?s={search_term_string}\"},\"query-input\":{\"@type\":\"PropertyValueSpecification\",\"valueRequired\":true,\"valueName\":\"search_term_string\"}}],\"inLanguage\":\"en-US\"}]}<\/script>\n<!-- \/ Yoast SEO plugin. -->","yoast_head_json":{"title":"P\u00f3litica de Datos - Giuliaa","robots":{"index":"index","follow":"follow","max-snippet":"max-snippet:-1","max-image-preview":"max-image-preview:large","max-video-preview":"max-video-preview:-1"},"canonical":"https:\/\/giuliaa.com\/?page_id=14524","og_locale":"en_US","og_type":"article","og_title":"P\u00f3litica de Datos - Giuliaa","og_description":"Giuliaa.com est\u00e1 especialmente interesada en la protecci\u00f3n de los datos de los USUARIOS de los servicios a los que se accede a trav\u00e9s de su web. Mediante la presente Pol\u00edtica de Privacidad (en adelante , la Pol\u00edtica) Inter Expo informa a los USUARIOS del sitio web: Giuliaa.com del tratamiento y usos a los que se [&hellip;]","og_url":"https:\/\/giuliaa.com\/?page_id=14524","og_site_name":"Giuliaa","article_modified_time":"2020-10-27T19:40:45+00:00","twitter_card":"summary_large_image","twitter_misc":{"Est. reading time":"3 minutes"},"schema":{"@context":"https:\/\/schema.org","@graph":[{"@type":"WebPage","@id":"https:\/\/giuliaa.com\/?page_id=14524","url":"https:\/\/giuliaa.com\/?page_id=14524","name":"P\u00f3litica de Datos - Giuliaa","isPartOf":{"@id":"https:\/\/giuliaa.com\/#website"},"datePublished":"2020-10-27T19:38:44+00:00","dateModified":"2020-10-27T19:40:45+00:00","breadcrumb":{"@id":"https:\/\/giuliaa.com\/?page_id=14524#breadcrumb"},"inLanguage":"en-US","potentialAction":[{"@type":"ReadAction","target":["https:\/\/giuliaa.com\/?page_id=14524"]}]},{"@type":"BreadcrumbList","@id":"https:\/\/giuliaa.com\/?page_id=14524#breadcrumb","itemListElement":[{"@type":"ListItem","position":1,"name":"Home","item":"https:\/\/giuliaa.com\/"},{"@type":"ListItem","position":2,"name":"P\u00f3litica de Datos"}]},{"@type":"WebSite","@id":"https:\/\/giuliaa.com\/#website","url":"https:\/\/giuliaa.com\/","name":"Giuliaa","description":"Solutions","potentialAction":[{"@type":"SearchAction","target":{"@type":"EntryPoint","urlTemplate":"https:\/\/giuliaa.com\/?s={search_term_string}"},"query-input":{"@type":"PropertyValueSpecification","valueRequired":true,"valueName":"search_term_string"}}],"inLanguage":"en-US"}]}},"jetpack_sharing_enabled":true,"_links":{"self":[{"href":"https:\/\/giuliaa.com\/index.php?rest_route=\/wp\/v2\/pages\/14524","targetHints":{"allow":["GET"]}}],"collection":[{"href":"https:\/\/giuliaa.com\/index.php?rest_route=\/wp\/v2\/pages"}],"about":[{"href":"https:\/\/giuliaa.com\/index.php?rest_route=\/wp\/v2\/types\/page"}],"author":[{"embeddable":true,"href":"https:\/\/giuliaa.com\/index.php?rest_route=\/wp\/v2\/users\/1"}],"replies":[{"embeddable":true,"href":"https:\/\/giuliaa.com\/index.php?rest_route=%2Fwp%2Fv2%2Fcomments&post=14524"}],"version-history":[{"count":2,"href":"https:\/\/giuliaa.com\/index.php?rest_route=\/wp\/v2\/pages\/14524\/revisions"}],"predecessor-version":[{"id":14526,"href":"https:\/\/giuliaa.com\/index.php?rest_route=\/wp\/v2\/pages\/14524\/revisions\/14526"}],"wp:attachment":[{"href":"https:\/\/giuliaa.com\/index.php?rest_route=%2Fwp%2Fv2%2Fmedia&parent=14524"}],"curies":[{"name":"wp","href":"https:\/\/api.w.org\/{rel}","templated":true}]}}