{"id":12842,"date":"2020-06-03T09:25:39","date_gmt":"2020-06-03T09:25:39","guid":{"rendered":"http:\/\/digicop.designervily.com\/demo1\/?page_id=12842"},"modified":"2020-09-25T23:52:36","modified_gmt":"2020-09-25T23:52:36","slug":"contacto","status":"publish","type":"page","link":"https:\/\/giuliaa.com\/?page_id=12842","title":{"rendered":"Contacto"},"content":{"rendered":"\t\t<div data-elementor-type=\"wp-page\" data-elementor-id=\"12842\" class=\"elementor elementor-12842\">\n\t\t\t\t\t\t<section class=\"elementor-section elementor-top-section elementor-element elementor-element-435bdb97 dsvy-col-stretched-none dsvy-bg-color-over-image elementor-section-boxed elementor-section-height-default elementor-section-height-default\" data-id=\"435bdb97\" data-element_type=\"section\" data-e-type=\"section\">\n\t\t\t\t\t\t<div class=\"elementor-container elementor-column-gap-default\">\n\t\t\t\t\t<div class=\"elementor-column elementor-col-100 elementor-top-column elementor-element elementor-element-10a3eb2f dsvy-bg-color-over-image\" data-id=\"10a3eb2f\" data-element_type=\"column\" data-e-type=\"column\">\n\t\t\t<div class=\"elementor-widget-wrap elementor-element-populated\">\n\t\t\t\t\t\t<div class=\"elementor-element elementor-element-45fbbe11 elementor-widget elementor-widget-text-editor\" data-id=\"45fbbe11\" data-element_type=\"widget\" data-e-type=\"widget\" data-widget_type=\"text-editor.default\">\n\t\t\t\t<div class=\"elementor-widget-container\">\n\t\t\t\t\t\t\t\t\t<h4>Cont\u00e1ctanos<\/h4><h2>Formulario de Consulta<\/h2>\n<div class=\"wpcf7 no-js\" id=\"wpcf7-f13031-o1\" lang=\"en-US\" dir=\"ltr\" data-wpcf7-id=\"13031\">\n<div class=\"screen-reader-response\"><p role=\"status\" aria-live=\"polite\" aria-atomic=\"true\"><\/p> <ul><\/ul><\/div>\n<form action=\"\/index.php?rest_route=%2Fwp%2Fv2%2Fpages%2F12842#wpcf7-f13031-o1\" method=\"post\" class=\"wpcf7-form init\" aria-label=\"Contact form\" novalidate=\"novalidate\" data-status=\"init\">\n<fieldset class=\"hidden-fields-container\"><input type=\"hidden\" name=\"_wpcf7\" value=\"13031\" \/><input type=\"hidden\" name=\"_wpcf7_version\" value=\"6.1.5\" \/><input type=\"hidden\" name=\"_wpcf7_locale\" value=\"en_US\" \/><input type=\"hidden\" name=\"_wpcf7_unit_tag\" value=\"wpcf7-f13031-o1\" \/><input type=\"hidden\" name=\"_wpcf7_container_post\" value=\"0\" \/><input type=\"hidden\" name=\"_wpcf7_posted_data_hash\" value=\"\" \/>\n<\/fieldset>\n<div class=\"main-form\">\n\t<div class=\"row\">\n\t\t<div class=\"col-md-6\">\n\t\t\t<div class=\"input-group\">\n\t\t\t\t<p><span class=\"wpcf7-form-control-wrap\" data-name=\"your-name\"><input size=\"40\" maxlength=\"400\" class=\"wpcf7-form-control wpcf7-text\" aria-invalid=\"false\" placeholder=\"Nombre\" value=\"\" type=\"text\" name=\"your-name\" \/><\/span>\n\t\t\t\t<\/p>\n\t\t\t<\/div>\n\t\t<\/div>\n\t\t<div class=\"col-md-6\">\n\t\t\t<div class=\"input-group\">\n\t\t\t\t<p><span class=\"wpcf7-form-control-wrap\" data-name=\"your-email\"><input size=\"40\" maxlength=\"400\" class=\"wpcf7-form-control wpcf7-email wpcf7-validates-as-required wpcf7-text wpcf7-validates-as-email\" aria-required=\"true\" aria-invalid=\"false\" placeholder=\"Correo\" value=\"\" type=\"email\" name=\"your-email\" \/><\/span>\n\t\t\t\t<\/p>\n\t\t\t<\/div>\n\t\t<\/div>\n\t\t<div class=\"col-md-6\">\n\t\t\t<div class=\"input-group\">\n\t\t\t\t<p><span class=\"wpcf7-form-control-wrap\" data-name=\"phone\"><input size=\"40\" maxlength=\"400\" class=\"wpcf7-form-control wpcf7-text\" aria-invalid=\"false\" placeholder=\"Tel\u00e9fono\" value=\"\" type=\"text\" name=\"phone\" \/><\/span>\n\t\t\t\t<\/p>\n\t\t\t<\/div>\n\t\t<\/div>\n\t\t<div class=\"col-md-6\">\n\t\t\t<div class=\"input-group\">\n\t\t\t\t<p><span class=\"wpcf7-form-control-wrap\" data-name=\"your-subject\"><input size=\"40\" maxlength=\"400\" class=\"wpcf7-form-control wpcf7-text wpcf7-validates-as-required\" aria-required=\"true\" aria-invalid=\"false\" placeholder=\"Asunto\" value=\"\" type=\"text\" name=\"your-subject\" \/><\/span>\n\t\t\t\t<\/p>\n\t\t\t<\/div>\n\t\t<\/div>\n\t\t<div class=\"col-md-12\">\n\t\t\t<div class=\"input-group input-button\">\n\t\t\t\t<p><span class=\"wpcf7-form-control-wrap\" data-name=\"message\"><textarea cols=\"40\" rows=\"4\" maxlength=\"2000\" class=\"wpcf7-form-control wpcf7-textarea wpcf7-validates-as-required\" aria-required=\"true\" aria-invalid=\"false\" placeholder=\"Mensaje\" name=\"message\"><\/textarea><\/span>\n\t\t\t\t<\/p>\n\t\t\t<\/div>\n\t\t<\/div>\n\t\t<div class=\"g-recaptcha\" data-sitekey=\"6LcuK9wZAAAAALLY1-PFxBn0VAbhb1N1H9RAxixU\">\n\t\t<\/div>\n\t\t<div class=\"col-md-6\">\n\t\t\t<div class=\"input-group input-button\">\n\t\t\t\t<p><input class=\"wpcf7-form-control wpcf7-submit has-spinner btn-block\" type=\"submit\" value=\"ENVIAR MENSAJE\" \/>\n\t\t\t\t<\/p>\n\t\t\t<\/div>\n\t\t<\/div>\n\t<\/div>\n<\/div><div class=\"wpcf7-response-output\" aria-hidden=\"true\"><\/div>\n<\/form>\n<\/div>\n<h4>Informaci\u00f3n<\/h4><h2>Ponerse en contacto<\/h2><h2>Nuestra Ubicaci\u00f3n<\/h2><p>Calle 25A No. 33 \u2013 97,<br \/>Bogot\u00e1, Colombia. <!-- .dsvy-ihbox-contents --><\/p><h2>N\u00famero de tel\u00e9fono<\/h2><p>+57 310 798 36 19<br \/>+57 311 224 64 00<!-- .dsvy-ihbox-contents --><\/p><h2>Direcci\u00f3n de correo electr\u00f3nico<\/h2><p>info@giuliaa.com<br \/><!-- .dsvy-ihbox-contents --><\/p><p>ventas@giuliaa.com<\/p><p>direccion.comercial@interexpocom.com<\/p><ul class=\"dsvy-social-links\"><li class=\"dsvy-social-li dsvy-social-facebook \"><a  href=\"https:\/\/www.facebook.com\/giuliaacol\" target=\"_blank\"><span><i class=\"dsvy-base-icon-facebook-squared\"><\/i><\/span><\/a><\/li><li class=\"dsvy-social-li dsvy-social-instagram \"><a  href=\"https:\/\/www.instagram.com\/giuliaacol\/?hl=es-la\" target=\"_blank\"><span><i class=\"dsvy-base-icon-instagram\"><\/i><\/span><\/a><\/li><\/ul>\t\t\t\t\t\t\t\t<\/div>\n\t\t\t\t<\/div>\n\t\t\t\t\t<\/div>\n\t\t<\/div>\n\t\t\t\t\t<\/div>\n\t\t<\/section>\n\t\t\t\t<\/div>\n\t\t","protected":false},"excerpt":{"rendered":"<p>Cont\u00e1ctanos Formulario de Consulta Informaci\u00f3n Ponerse en contacto Nuestra Ubicaci\u00f3n Calle 25A No. 33 \u2013 97,Bogot\u00e1, Colombia. N\u00famero de tel\u00e9fono +57 310 798 36 19+57 311 224 64 00 Direcci\u00f3n de correo electr\u00f3nico info@giuliaa.com ventas@giuliaa.com direccion.comercial@interexpocom.com<\/p>\n","protected":false},"author":1,"featured_media":0,"parent":0,"menu_order":15,"comment_status":"closed","ping_status":"closed","template":"","meta":{"_acf_changed":false,"nf_dc_page":"","_monsterinsights_skip_tracking":false,"_monsterinsights_sitenote_active":false,"_monsterinsights_sitenote_note":"","_monsterinsights_sitenote_category":0,"footnotes":""},"class_list":["post-12842","page","type-page","status-publish","hentry"],"acf":[],"yoast_head":"<!-- This site is optimized with the Yoast SEO plugin v27.4 - https:\/\/yoast.com\/product\/yoast-seo-wordpress\/ -->\n<title>Contacto - Giuliaa<\/title>\n<meta name=\"robots\" content=\"index, follow, max-snippet:-1, max-image-preview:large, max-video-preview:-1\" \/>\n<link rel=\"canonical\" href=\"https:\/\/giuliaa.com\/?page_id=12842\" \/>\n<meta property=\"og:locale\" content=\"en_US\" \/>\n<meta property=\"og:type\" content=\"article\" \/>\n<meta property=\"og:title\" content=\"Contacto - Giuliaa\" \/>\n<meta property=\"og:description\" content=\"Cont\u00e1ctanos Formulario de Consulta Informaci\u00f3n Ponerse en contacto Nuestra Ubicaci\u00f3n Calle 25A No. 33 \u2013 97,Bogot\u00e1, Colombia. N\u00famero de tel\u00e9fono +57 310 798 36 19+57 311 224 64 00 Direcci\u00f3n de correo electr\u00f3nico info@giuliaa.com ventas@giuliaa.com direccion.comercial@interexpocom.com\" \/>\n<meta property=\"og:url\" content=\"https:\/\/giuliaa.com\/?page_id=12842\" \/>\n<meta property=\"og:site_name\" content=\"Giuliaa\" \/>\n<meta property=\"article:modified_time\" content=\"2020-09-25T23:52:36+00:00\" \/>\n<meta name=\"twitter:card\" content=\"summary_large_image\" \/>\n<script type=\"application\/ld+json\" class=\"yoast-schema-graph\">{\"@context\":\"https:\\\/\\\/schema.org\",\"@graph\":[{\"@type\":\"WebPage\",\"@id\":\"https:\\\/\\\/giuliaa.com\\\/?page_id=12842\",\"url\":\"https:\\\/\\\/giuliaa.com\\\/?page_id=12842\",\"name\":\"Contacto - Giuliaa\",\"isPartOf\":{\"@id\":\"https:\\\/\\\/giuliaa.com\\\/#website\"},\"datePublished\":\"2020-06-03T09:25:39+00:00\",\"dateModified\":\"2020-09-25T23:52:36+00:00\",\"breadcrumb\":{\"@id\":\"https:\\\/\\\/giuliaa.com\\\/?page_id=12842#breadcrumb\"},\"inLanguage\":\"en-US\",\"potentialAction\":[{\"@type\":\"ReadAction\",\"target\":[\"https:\\\/\\\/giuliaa.com\\\/?page_id=12842\"]}]},{\"@type\":\"BreadcrumbList\",\"@id\":\"https:\\\/\\\/giuliaa.com\\\/?page_id=12842#breadcrumb\",\"itemListElement\":[{\"@type\":\"ListItem\",\"position\":1,\"name\":\"Home\",\"item\":\"https:\\\/\\\/giuliaa.com\\\/\"},{\"@type\":\"ListItem\",\"position\":2,\"name\":\"Contacto\"}]},{\"@type\":\"WebSite\",\"@id\":\"https:\\\/\\\/giuliaa.com\\\/#website\",\"url\":\"https:\\\/\\\/giuliaa.com\\\/\",\"name\":\"Giuliaa\",\"description\":\"Solutions\",\"potentialAction\":[{\"@type\":\"SearchAction\",\"target\":{\"@type\":\"EntryPoint\",\"urlTemplate\":\"https:\\\/\\\/giuliaa.com\\\/?s={search_term_string}\"},\"query-input\":{\"@type\":\"PropertyValueSpecification\",\"valueRequired\":true,\"valueName\":\"search_term_string\"}}],\"inLanguage\":\"en-US\"}]}<\/script>\n<!-- \/ Yoast SEO plugin. -->","yoast_head_json":{"title":"Contacto - Giuliaa","robots":{"index":"index","follow":"follow","max-snippet":"max-snippet:-1","max-image-preview":"max-image-preview:large","max-video-preview":"max-video-preview:-1"},"canonical":"https:\/\/giuliaa.com\/?page_id=12842","og_locale":"en_US","og_type":"article","og_title":"Contacto - Giuliaa","og_description":"Cont\u00e1ctanos Formulario de Consulta Informaci\u00f3n Ponerse en contacto Nuestra Ubicaci\u00f3n Calle 25A No. 33 \u2013 97,Bogot\u00e1, Colombia. N\u00famero de tel\u00e9fono +57 310 798 36 19+57 311 224 64 00 Direcci\u00f3n de correo electr\u00f3nico info@giuliaa.com ventas@giuliaa.com direccion.comercial@interexpocom.com","og_url":"https:\/\/giuliaa.com\/?page_id=12842","og_site_name":"Giuliaa","article_modified_time":"2020-09-25T23:52:36+00:00","twitter_card":"summary_large_image","schema":{"@context":"https:\/\/schema.org","@graph":[{"@type":"WebPage","@id":"https:\/\/giuliaa.com\/?page_id=12842","url":"https:\/\/giuliaa.com\/?page_id=12842","name":"Contacto - Giuliaa","isPartOf":{"@id":"https:\/\/giuliaa.com\/#website"},"datePublished":"2020-06-03T09:25:39+00:00","dateModified":"2020-09-25T23:52:36+00:00","breadcrumb":{"@id":"https:\/\/giuliaa.com\/?page_id=12842#breadcrumb"},"inLanguage":"en-US","potentialAction":[{"@type":"ReadAction","target":["https:\/\/giuliaa.com\/?page_id=12842"]}]},{"@type":"BreadcrumbList","@id":"https:\/\/giuliaa.com\/?page_id=12842#breadcrumb","itemListElement":[{"@type":"ListItem","position":1,"name":"Home","item":"https:\/\/giuliaa.com\/"},{"@type":"ListItem","position":2,"name":"Contacto"}]},{"@type":"WebSite","@id":"https:\/\/giuliaa.com\/#website","url":"https:\/\/giuliaa.com\/","name":"Giuliaa","description":"Solutions","potentialAction":[{"@type":"SearchAction","target":{"@type":"EntryPoint","urlTemplate":"https:\/\/giuliaa.com\/?s={search_term_string}"},"query-input":{"@type":"PropertyValueSpecification","valueRequired":true,"valueName":"search_term_string"}}],"inLanguage":"en-US"}]}},"jetpack_sharing_enabled":true,"_links":{"self":[{"href":"https:\/\/giuliaa.com\/index.php?rest_route=\/wp\/v2\/pages\/12842","targetHints":{"allow":["GET"]}}],"collection":[{"href":"https:\/\/giuliaa.com\/index.php?rest_route=\/wp\/v2\/pages"}],"about":[{"href":"https:\/\/giuliaa.com\/index.php?rest_route=\/wp\/v2\/types\/page"}],"author":[{"embeddable":true,"href":"https:\/\/giuliaa.com\/index.php?rest_route=\/wp\/v2\/users\/1"}],"replies":[{"embeddable":true,"href":"https:\/\/giuliaa.com\/index.php?rest_route=%2Fwp%2Fv2%2Fcomments&post=12842"}],"version-history":[{"count":4,"href":"https:\/\/giuliaa.com\/index.php?rest_route=\/wp\/v2\/pages\/12842\/revisions"}],"predecessor-version":[{"id":14497,"href":"https:\/\/giuliaa.com\/index.php?rest_route=\/wp\/v2\/pages\/12842\/revisions\/14497"}],"wp:attachment":[{"href":"https:\/\/giuliaa.com\/index.php?rest_route=%2Fwp%2Fv2%2Fmedia&parent=12842"}],"curies":[{"name":"wp","href":"https:\/\/api.w.org\/{rel}","templated":true}]}}